the highest common divisor of 132 and l?
12
Let l = -1 - -4. Suppose 43 = 4*m + n, 6*m - l*m - 21 = 3*n. Let b = m - 3. Calculate the highest common factor of 14 and b.
7
Suppose -p + a = -13 - 7, 0 = -4*p - 2*a + 50. What is the highest common divisor of p and 3?
3
Let v = -2 + 2. Suppose 3*s - 8 - 10 = v. Suppose -k + 4 = -s. Calculate the highest common divisor of 10 and k.
10
Let t = -7 - -6. Let c be 140/8 + t/2. What is the greatest common factor of c and 136?
17
Let n(y) = -y - 11. Suppose 0*j - 5*j = 5, 4*f = 3*j - 29. Let o be n(f). Let t = 21 + o. What is the highest common divisor of 2 and t?
2
Suppose 5*c = -3*w + 44, -26 = -5*c + 4*w - 3. Suppose 0 = c*h - 2*h - 120. Calculate the highest common factor of h and 6.
6
Let f be (1468/(-8) - 4)*(-4)/6. What is the highest common factor of f and 25?
25
Let k = -2 - -3. Let s be -2 - (-2)/k - -8. Calculate the highest common divisor of s and 72.
8
Let n be -4 + (9/3)/1. Let b = n + 10. What is the highest common divisor of 81 and b?
9
Let i be 6/(-1)*(-15)/10 - 3. What is the greatest common factor of i and 24?
6
Suppose 5*d + 10 = m, m + 2*d + 2 = -2. Let r be 0 - (-40 + m)/1. Let a = 10 + 0. What is the highest common divisor of r and a?
10
Let t(b) = b**3 - 13*b**2 - 2*b. Let v be t(14). What is the highest common divisor of v and 21?
21
Let o = -11 - -32. What is the highest common factor of o and 231?
21
Let v(r) = -6 - 4*r - 2*r + 3*r. Let t = 5 - 10. Let n be v(t). What is the greatest common divisor of 18 and n?
9
Suppose -w + 4 = -1. Suppose -r = -b + 2*b - 15, -r = -w*b + 57. What is the greatest common divisor of 8 and b?
4
Let x be (-105)/(-18) + 2/12. What is the greatest common factor of x and 18?
6
Suppose -9*v + 1108 = 163. Calculate the greatest common divisor of 70 and v.
35
Let h be 46 + 3*(-2)/3. Suppose w = 5*j + 6*w - 35, 3*w + 1 = -j. What is the highest common factor of j and h?
11
Suppose -249 = -3*q - 84. Suppose 0 = 5*i, 0*z + z + 2*i - q = 0. Let r = 44 - 22. What is the greatest common divisor of r and z?
11
Suppose 4*q = 0, 0*n = 3*n + q - 18. What is the highest common divisor of n and 6?
6
Let h be 1 - (1 + (-2)/2). Let l be (-11 + -2*h)*-9. Let m = -13 + 26. Calculate the highest common divisor of m and l.
13
Let i = 4 - -10. What is the greatest common divisor of 56 and i?
14
Suppose 0*c - 16 = 2*c. Let g = 11 + c. Let v(t) = -t**3 - 2*t**2 - 2*t - 2. Let q be v(-2). What is the highest common factor of q and g?
1
Suppose -u + 37 = 4. Suppose -2*m - 4*b = -10, b = 2*b. Suppose 0*c + 3*c + 21 = m*j, -4*c - 5 = j. What is the highest common factor of u and j?
3
Let d(p) = 22*p - 8. Let w be d(4). Let n(f) = f**3 + 5*f**2 + 3*f + 1. Let a be n(-3). Calculate the greatest common factor of w and a.
10
Suppose -41 = -2*m - 7. Let r = 2 + -3. Let w be 68 + (r - 0 - -1). What is the highest common divisor of w and m?
17
Let o(j) = 25*j**2 + 2*j - 1. Let g be o(-2). Let k = g - 53. Calculate the highest common divisor of 6 and k.
6
Suppose 0 = -2*f + 5 + 13. What is the greatest common factor of 27 and f?
9
Let o = 8 - 3. Suppose -2*r = -2*n + 14, -3*r = -o*n + 4*n - 3. Suppose -5*m + 300 = -0*m. What is the greatest common factor of n and m?
12
Let p(u) = -2*u + 11. Let n be p(-7). Let d(m) = m**3 - 5*m + 6. Let b be d(4). Calculate the highest common divisor of n and b.
25
Let q be 2/8 + 19/4. What is the highest common factor of q and 15?
5
Let o(z) = -z**3 + 10*z**2 - 8*z - 5. Let s be o(9). Suppose 2*y - 4*v + s = 20, -4*y = 5*v - 32. What is the highest common divisor of y and 8?
8
Let q(o) = 13*o**3 - o**2. Let a be 3/(-6) + 15/6. Suppose -2*z + c = 1 - a, c - 1 = 0. Let u be q(z). Calculate the highest common divisor of u and 12.
12
Let o be -4 - ((-339)/21 - (-2)/14). Let l(s) = 6*s**3 + s**2 - s. Let n be l(1). Calculate the highest common factor of o and n.
6
Let x(q) = q**3 - 11*q**2 + q + 11. Let y be x(11). What is the highest common divisor of 55 and y?
11
Let r = 39 - -106. What is the greatest common factor of 29 and r?
29
Let d(j) = -4*j + 4. Let g(a) = -a + 1. Let w(l) = -d(l) + 5*g(l). Let r be w(-7). Suppose -5 = 3*x - 17. Calculate the greatest common factor of x and r.
4
Let w(m) = m**2 + m + 1. Let j be 40/12*18/15. Let n be w(j). Calculate the highest common divisor of n and 7.
7
Suppose 3*i - 672 = -0*i. What is the highest common divisor of 28 and i?
28
Let u be 612/42 - ((-24)/14)/(-3). Let s = 2 + 4. Let y = s + -4. What is the greatest common divisor of y and u?
2
Suppose f = 6*f - 70. What is the highest common factor of 35 and f?
7
Suppose 2*t + 0*h - 5*h - 63 = 0, 6 = -t - 5*h. Calculate the highest common factor of t and 133.
19
Suppose -4*z + z = -15. Let k be -2*(-3)/6*1. Suppose 0 = 2*d - 1 - k. Calculate the highest common divisor of d and z.
1
Let n(p) = 3 + 0*p**3 - 2*p**2 + p**3 + 1 - 7 + 4*p. Let g be n(2). Calculate the greatest common divisor of 45 and g.
5
Let f = 6 + 3. What is the greatest common factor of 36 and f?
9
Let o(u) = -u**3 - 17*u**2 - 16*u + 18. Let p be o(-16). What is the greatest common divisor of p and 90?
18
Suppose 8 = 5*x - 32. Let h(d) = -d**2 + 6*d + 2. Let i be h(x). Let s = 26 + i. Calculate the highest common factor of s and 60.
12
Let d = 21 + 1. Suppose 4*u - 76 = 4*i, -42 - d = -4*u + i. Calculate the highest common divisor of u and 5.
5
Let r be 14/8 - 2/(-8). Suppose -6 + r = -4*i, i - 513 = -4*g. Suppose 3*l - 52 = 2*b, 40 = l + 2*l + 4*b. What is the greatest common factor of l and g?
16
Suppose -14 = 3*q - 140. Calculate the highest common factor of 6 and q.
6
Let r be (-1 - (-9 + 4)) + 16. Calculate the highest common divisor of r and 8.
4
Suppose -l - 6 = -22. Let f = -5 - -53. Calculate the highest common divisor of f and l.
16
Let l = 10 + -5. Calculate the highest common divisor of 20 and l.
5
Let y(f) = -f**2 + 7*f - 1. Let x = 8 - 2. Let l be y(x). Calculate the greatest common divisor of 45 and l.
5
Let m(z) = 8*z**2. Let r be m(-1). Let l(s) = s**3 - 4*s**2 + 5*s. Let k be l(4). Let o = 28 - k. What is the greatest common divisor of r and o?
8
Let v(r) = r**2 - 11*r - 4. Let d be v(12). What is the highest common factor of 64 and d?
8
Suppose -3*n - 5*j + 55 = 0, 75 = 5*n + 6*j - j. What is the highest common divisor of 50 and n?
10
Suppose -3*v + 0*v = -69. Suppose -3*j - v = -3*x + 10, 0 = -2*x - 5*j + 8. Let g = x - -23. What is the greatest common divisor of 48 and g?
16
Let u(f) = -2*f**3 - 4*f**2 + 2*f + 2. Let w be u(-3). Suppose 3*x = b + 3 + 36, 9 = 3*b. What is the greatest common factor of w and x?
14
Let x(a) = 3*a - 4. Let m be 18/5 + 6/15. Let s be (3/m)/((-4)/(-32)). Let k be x(s). What is the highest common factor of k and 98?
14
Suppose -3*r - r = 360. Let d = -42 - r. Calculate the greatest common divisor of 6 and d.
6
Let u = -6 + 13. Let j be (12/(-10))/((-6)/20). Suppose s + 108 = j*t - t, -4*t + 146 = -2*s. What is the greatest common factor of u and t?
7
Suppose 2*u - 172 = -18. Let y(s) = s**2 - 3*s - 6. Let k be y(5). Suppose -k*b + 5*i = i - 44, 5*b = 3*i + 55. What is the greatest common factor of u and b?
11
Let v(a) = -a**2 - 3*a + 5. Let g be v(-4). What is the highest common divisor of 1 and g?
1
Let x(h) = h**3 - 3*h**2 + 4*h - 5. Let n be x(4). Suppose 5*y + 30 = -p - 3, 117 = -3*p + 3*y. Let l = p + 56. Calculate the highest common divisor of l and n.
9
Let b be 2/(-4) - (-75)/6. Suppose 5*a = d - b - 2, -d + 12 = -4*a. Let u = 2 - -6. What is the greatest common factor of u and d?
4
Suppose 3*y = 29 + 22. Calculate the highest common factor of y and 17.
17
Let r be (114/(-10))/(7/(-35)). Suppose 6*p + 3 = r. What is the greatest common factor of p and 81?
9
Let m(k) = -k**2 - 3*k + 11. Let t(h) = -h**2 - 2*h + 11. Let u(o) = 4*m(o) - 5*t(o). Let c be u(5). Calculate the greatest common divisor of c and 20.
4
Suppose 30 = 5*u + 4*k, -9 = -2*u - 2*k + k. Suppose -u*b - 2*b + 34 = -2*o, 0 = 4*o + 12. Suppose c = 7 + b. Calculate the highest common factor of c and 56.
14
Let d(s) = 6*s + 23. Let n be d(-3). What is the highest common divisor of n and 15?
5
Let j = 164 + -92. Suppose y + 3*f = 3*y - 11, 5*f = 3*y - 18. Let n be y/(-2*(-3)/54). Calculate the greatest common divisor of n and j.
9
Suppose 3*c - 11 = 13. Calculate the highest co